t of 143952769?
4
What is the hundred millions digit of 355688107?
3
What is the millions digit of 30778918?
0
What is the ten millions digit of 57567374?
5
What is the hundred millions digit of 685473974?
6
What is the ten thousands digit of 50341561?
4
What is the thousands digit of 165746650?
6
What is the tens digit of 42714022?
2
What is the hundred millions digit of 170441347?
1
What is the ten millions digit of 63692562?
6
What is the ten thousands digit of 209189?
0
What is the millions digit of 473019526?
3
What is the hundred thousands digit of 118954978?
9
What is the ten thousands digit of 662086201?
8
What is the hundred thousands digit of 3175222225?
2
What is the hundreds digit of 97731355?
3
What is the millions digit of 47216055?
7
What is the ten thousands digit of 1466186732?
8
What is the hundred thousands digit of 993617151?
6
What is the units digit of 253389108?
8
What is the tens digit of 565989224?
2
What is the thousands digit of 322463848?
3
What is the hundred millions digit of 344336967?
3
What is the ten thousands digit of 556853629?
5
What is the tens digit of 936555824?
2
What is the tens digit of 131618990?
9
What is the hundred thousands digit of 514359634?
3
What is the hundred millions digit of 222166986?
2
What is the units digit of 121682153?
3
What is the hundred millions digit of 1059803081?
0
What is the thousands digit of 433748131?
8
What is the millions digit of 52545954?
2
What is the ten millions digit of 1929025814?
2
What is the tens digit of 115280816?
1
What is the ten millions digit of 313475764?
1
What is the millions digit of 157268092?
7
What is the hundreds digit of 48265279?
2
What is the hundred millions digit of 364479022?
3
What is the hundred millions digit of 635559824?
6
What is the units digit of 729239843?
3
What is the ten millions digit of 161046701?
6
What is the ten millions digit of 15905385?
1
What is the hundreds digit of 2252696212?
2
What is the hundred thousands digit of 173358358?
3
What is the tens digit of 136226485?
8
What is the billions digit of 8932833811?
8
What is the millions digit of 105046339?
5
What is the hundred millions digit of 8033600565?
0
What is the hundred thousands digit of 1374296329?
2
What is the hundred thousands digit of 119953560?
9
What is the ten millions digit of 74717932?
7
What is the millions digit of 554671736?
4
What is the hundred thousands digit of 43409082?
4
What is the millions digit of 629053362?
9
What is the hundred thousands digit of 1563885956?
8
What is the tens digit of 1668291678?
7
What is the millions digit of 63559961?
3
What is the thousands digit of 150718038?
8
What is the tens digit of 7027110779?
7
What is the ten millions digit of 5467345605?
6
What is the hundreds digit of 3088831730?
7
What is the units digit of 411883098?
8
What is the hundreds digit of 30789500?
5
What is the hundreds digit of 6324605?
6
What is the ten thousands digit of 4507958?
0
What is the hundred thousands digit of 1697168903?
1
What is the millions digit of 1832977374?
2
What is the hundred thousands digit of 1643283231?
2
What is the units digit of 1398073438?
8
What is the tens digit of 847622790?
9
What is the tens digit of 805159473?
7
What is the ten millions digit of 125717697?
2
What is the millions digit of 20326937?
0
What is the tens digit of 146311354?
5
What is the tens digit of 26362048?
4
What is the thousands digit of 337513246?
3
What is the ten thousands digit of 116589659?
8
What is the thousands digit of 86471061?
1
What is the hundreds digit of 35194291?
2
What is the hundred thousands digit of 530993975?
9
What is the thousands digit of 120690535?
0
What is the ten thousands digit of 3322364277?
6
What is the ten thousands digit of 912725382?
2
What is the ten thousands digit of 57432680?
3
What is the hundred thousands digit of 672572958?
5
What is the ten millions digit of 99836566?
9
What is the tens digit of 452096664?
6
What is the hundred millions digit of 130234807?
1
What is the units digit of 138633184?
4
What is the hundred millions digit of 1400564632?
4
What is the thousands digit of 221571493?
1
What is the thousands digit of 7462173?
2
What is the thousands digit of 4378544508?
4
What is the hundreds digit of 6299630754?
7
What is the units digit of 5620456925?
5
What is the ten millions digit of 832660073?
3
What is the hundreds digit of 93476296?
2
What is the ten thousands digit of 695996932?
9
What is the thousands digit of 2936885663?
5
What is the ten thousands digit of 151562766?
6
What is the millions digit of 750023000?
0
What is the ten millions digit of 205531669?
0
What is the ten thousands digit of 1840290141?
9
What is the tens digit of 187754694?
9
What is the hundred thousands digit of 46524681?
5
What is the hundred thousands digit of 913707532?
7
What is the hundred thousands digit of 2616386?
6
What is the ten millions digit of 422990661?
2
What is the hundreds digit of 808064550?
5
What is the hundred thousands digit of 412361038?
3
What is the hundreds digit of 88851082?
0
What is the units digit of 133953061?
1
What is the billions digit of 6097848490?
6
What is the units digit of 728405409?
9
What is the millions digit of 38080339?
8
What is the millions digit of 158934790?
8
What is the tens digit of 430816726?
2
What is the hundreds digit of 5408643465?
4
What is the thousands digit of 242328409?
8
What is the units digit of 8097045?
5
What is the units digit of 182346213?
3
What is the hundreds digit of 371513497?
4
What is the hundred thousands digit of 905169802?
1
What is the hundreds digit of 6860391126?
1
What is the tens digit of 54368192?
9
What is the ten thousands digit of 1102923284?
2
What is the hundred thousands digit of 603694804?
6
What is the hundred millions digit of 7751084502?
7
What is the ten thousands digit of 1316146773?
4
What is the hundred millions digit of 502522032?
5
What is the hundred millions digit of 1054400953?
0
What is the tens digit of 9240252?
5
What is the ten thousands digit of 11095789?
9
What is the thousands digit of 1063277731?
7
What is the millions digit of 132522879?
2
What is the millions digit of 88778960?
8
What is the hundred thousands digit of 1114139193?
1
What is the ten millions digit of 197065362?
9
What is the hundred thousands digit of 142122160?
1
What is the thousands digit of 809186477?
6
What is the tens digit of 5044654?
5
What is the tens digit of 71637273?
7
What is the hundred millions digit of 293837946?
2
What is the hundred thousands digit of 43496825?
4
What is the tens digit of 862704998?
9
What is the tens digit of 15735075?
7
What is the ten millions digit of 536180523?
3
What is the hundred thousands digit of 18392294?
3
What is the hundred millions digit of 795684403?
7
What is the units digit of 863475680?
0
What is the tens digit of 8738056?
5
What is the ten millions digit of 1301310707?
0
What is the thousands digit of 63628490?
8
What is the hundreds digit of 865699915?
9
What is the millions digit of 15308474?
5
What is the thousands digit of 85994654?
4
What is the thousands digit of 70742800?
2
What is the ten millions digit of 2051830373?
5
What is the ten thousands digit of 7099370430?
7
What is the ten thousands digit of 26761113?
6
What is the hundred thousands digit of 12933213?
9
What is the tens digit of 760436418?
1
What is the tens digit of 49697731?
3
What is the hundred millions digit of 164068436?
1
What is the hundreds digit of 124212854?
8
What is the millions digit of 1296361?
1
What is the thousands digit of 118131012?
1
What is the hundreds digit of 3242867407?
4
What is the ten millions digit of 2318561361?
1
What is the tens digit of 1188879725?
2
What is the hundred thousands digit of 1230247162?
2
What is the tens digit of 885271280?
8
What is the millions digit of 191339019?
1
What is the hundred millions digit of 383181914?
3
What is the thousands digit of 592664224?
4
What is the tens digit of 2544342742?
4
What is the ten millions digit of 57343292?
5
What is the hundreds digit of 5518411637?
6
What is the tens digit of 136663670?
7
What is the hundreds digit of 3607592651?
6
What is the ten millions digit of 811966919?
1
What is the billions digit of 6231009960?
6